e
Suppose 6*t - 11682 = -177894. Is 2*(-9)/99 + t/(-22) composite?
False
Let r(w) = -137 + 204*w + 97 - 120*w + 284*w - 137. Is r(55) prime?
True
Suppose 58*w = -58*w + 84*w + 9620704. Is w a prime number?
True
Let d(u) = 3522*u**2 + 9*u + 17. Suppose -327*z + 339*z + 48 = 0. Is d(z) a composite number?
False
Let m be (-12)/((14 - 12) + 24/(-10)). Let l(j) = j**3 - 11*j**2 - 65*j + 67. Is l(m) a composite number?
False
Let v = 28617 - 10198. Is v prime?
False
Suppose -k + 0*k = 5*u + 20, 5*u + 20 = -3*k. Suppose k = 5*j + 184 - 8169. Is j prime?
True
Suppose 16*o - 124*o = -7113636. Is o prime?
True
Let g be (-4 - (-354)/24)*548. Let q = g - 668. Is q a composite number?
True
Let a = -131 - -124. Let j(h) = -7*h**3 - h**2 - 7*h + 12. Is j(a) a prime number?
False
Let o(s) = 2220*s + 1667. Is o(122) a prime number?
True
Suppose -6*b + 3*q - 153 = -8*b, -5*q + 87 = b. Suppose -b*o + 73*o - 3641 = 0. Is o a prime number?
False
Suppose 0 = -18752*k + 18726*k + 5187598. Is k a composite number?
False
Suppose 377*h = 4*r + 375*h - 12732, r + 2*h - 3183 = 0. Is r composite?
True
Let j(l) = -3003*l**3 - 6*l**2 + 50*l + 195. Is j(-4) a composite number?
False
Let g be 204/(-9) - (-4 - 20/(-6)). Is -5444*((-91)/286 - (-4)/g) composite?
True
Let s be 12/2*10/12. Suppose s*n - 15*n = -146890. Is n a prime number?
False
Let v(t) = 486*t + 54. Let p be v(3). Let k = p - 815. Is k composite?
True
Suppose -2*k + 915190 = 3*f, 5*f - k + 4*k = 1525317. Is f/136 + ((-45)/(-51) - 1) a prime number?
True
Suppose i = 2*i - 6. Suppose 0 = -h + 5*k - i, 2*h - 2 = -h + 5*k. Is h/8*127*2 a prime number?
True
Let a(s) be the second derivative of -3*s**5/20 + s**4/12 + s**3/6 + s**2/2 + 10*s. Let h be a(-1). Suppose 712 = h*m + 2*d, 3*m - 159 = -d + 376. Is m prime?
True
Let i(z) be the third derivative of -5777*z**4/24 + 2*z**2 + 19. Is i(-1) a composite number?
True
Let w = -657 - -1050. Suppose 13*j - 8*j = 3535. Let t = j - w. Is t prime?
False
Let x be 18650/4*(-8)/(-4). Suppose -4*k + 0*g + 9355 = -5*g, -5*g + x = 4*k. Is k a prime number?
False
Let o = 117029 - 65968. Is o a prime number?
True
Let m(h) = -66*h + 398. Let q be m(6). Suppose 2*i = y - 413, i - 6*i - 829 = -q*y. Is y a prime number?
False
Suppose 5*i + 3*q = 113380 + 72412, 0 = i - q - 37160. Is i a prime number?
True
Is ((-7277814)/(-8) - -3)*(120/(-9))/(-10) a composite number?
False
Let l(o) = 220*o**2 + 0 - 1 - 2 + 50*o - 2. Is l(-6) composite?
True
Let n = -226 + 3396. Let s = n + -753. Is s prime?
True
Let k(y) = -30*y - 25. Let h be k(-2). Let q = h + -28. Is 1/q + 0 - (-27292)/7 a prime number?
False
Suppose -x - 182 = -8*x. Suppose 22*p = x*p. Suppose -z + 321 = q - 90, -q + z + 407 = p. Is q a prime number?
True
Is 119417/(-2)*(102 + -104) a composite number?
False
Let v = 71270 + 131879. Is v composite?
True
Suppose -c + 5*s = -10, -2*c - 4*s = -25 - 51. Suppose c*n + 8552 = 38*n. Is n a composite number?
False
Suppose 419946 = 11*f - 29921. Is f a composite number?
False
Let p(f) = f**3 + 32*f**2 + 58*f - 59. Let c be p(-30). Is -1259*(c + 6/(-3)) a prime number?
True
Let b(y) = 125*y**3 - 6*y**2 + 29*y - 317. Is b(15) a composite number?
True
Suppose 0 = -8*s - 0*s - 80. Is (1/(s/9235))/((-1)/6) a prime number?
False
Let b(z) = 25 - 19*z - 68 - 23 - 36*z - 78*z. Is b(-16) a composite number?
True
Suppose 195*h = 247*h - 4563884. Is h prime?
True
Suppose -5*c - 100 = -5*z, -2*c + 98 = 4*z + 42. Is 119634/z + 33/(-264) composite?
False
Let k(c) = -12*c**2 - 123 - 13*c**2 - 51*c + 31*c**2. Is k(-36) a composite number?
True
Let d(m) = -8*m - 21. Let n be d(-3). Suppose 19*z - 175362 = -n*z. Is z composite?
True
Suppose -52*j + 79324 = -63*j + 239781. Is j a composite number?
True
Let c(v) = v**3 + 49*v**2 + 103*v + 29. Is c(-22) a composite number?
False
Let i be 330/40 + (10/(-8) - -1). Suppose -22*j - i = -14*j. Is (3 - -177) + (j - -2)/(-1) a prime number?
True
Let t be 2 + 0 - 2 - -8. Suppose 5 = -t*x + 21. Is 9259/6 - x/12 prime?
True
Let z(t) = 2*t**2 - 36*t + 25. Let s be z(22). Let u = 748 + -152. Let q = u - s. Is q a composite number?
True
Is (-1)/2 - 11110590/(-36) composite?
True
Suppose 0*u + 3*u - 2*f = 3, 4*f + 17 = -5*u. Let r be (1 - 0)*(-3)/u. Suppose -h = 5*o - 936 - 747, -3*o + r*h = -1017. Is o a composite number?
False
Let m be (-1)/((-386187)/965430 - 12/(-30)). Suppose -40*h = -6*h - m. Is h prime?
False
Let q = 47 - 45. Suppose -q*o = 3*s + 5, -15 = 3*o + 5*s - 5. Suppose -5*w - 3568 = -3*k, -o*k = -w - 2609 - 3301. Is k a prime number?
True
Let x = 1181 + 1982. Is x composite?
False
Suppose 251*l - 45*l = 233114 + 517344. Is l composite?
False
Let v = 578263 + -67620. Is v prime?
False
Suppose 43*x - 44*x = -23*x + 2599630. Is x prime?
False
Let l = -53722 + 107759. Is l a composite number?
False
Let p = 166822 - -63279. Is p a prime number?
True
Suppose 5*d + 4*m = 281261, 2*d = m + 93542 + 18952. Is d a composite number?
False
Let y be 1*(-17 + (-3 - -8)). Is (-18)/(-3) + y + 475 a composite number?
True
Let n(i) = 46*i**2 - 5*i + 11. Let y(j) = 46*j**2 - 6*j + 11. Let o(b) = 2*n(b) - 3*y(b). Let q be o(-5). Let c = -618 - q. Is c a composite number?
True
Let k = 50 - 51. Is (2/5)/(k + (-6997)/(-6995)) composite?
False
Let z(q) = 6*q + 17. Let a(j) = j. Let h(r) = 4*a(r) - z(r). Suppose -3*s + c + 12 = 67, 4*c = -4*s - 68. Is h(s) prime?
True
Suppose 55135314 = 126*r + 34261833 - 44410521. Is r prime?
False
Let g(t) = t**2 - 25*t - 27. Suppose -19 = 4*i - 147. Suppose -v - v = i. Is g(v) prime?
False
Suppose 459711 = -542*k + 563*k. Is k a prime number?
False
Let n = 3816 - 5487. Let w = n - -2505. Suppose -10 - w = -4*s. Is s composite?
False
Let b be (-2)/3 + (-3)/9. Let j be (-125760)/(-112) - b/7. Is j + -3 - (-10)/(-2) a prime number?
False
Let m(f) be the second derivative of 153*f**3 - 7*f**2 - 72*f. Is m(12) prime?
False
Suppose -5*f - 7*c = -3*c - 9897, -5*f + c = -9907. Let y = f - 248. Is y composite?
False
Let t(p) = -5*p + 62562*p**2 + 2*p - 62571*p**2 + 10 - 6*p - p**3. Let r = 0 - 9. Is t(r) a composite number?
True
Let k(r) be the first derivative of r**4/4 + 17*r**3/3 - 19*r**2/2 + 16*r + 36. Let z be k(-17). Suppose -z - 1159 = -2*h. Is h prime?
False
Let y = 2341 + -1672. Suppose -5*a + 2*l + y = -2502, 5*l = -3*a + 1884. Suppose g + 70 = a. Is g prime?
True
Let n = 128579 - 53256. Is n composite?
False
Suppose -s = 5*z + 5, 0*z - 2*z = -3*s + 19. Suppose -s*d + 15 = 5*a, -3*a = 2*d - 2*a - 9. Let w(h) = 92*h - 11. Is w(d) a composite number?
False
Suppose 1745668 + 541400 = 67*a - 1284635. Is a a prime number?
True
Let n = -4500 + 4420. Let t be (-2 + 1)*(-758)/2. Let k = n + t. Is k prime?
False
Suppose -2*z = -4*z - 3298. Let a = 1764 - z. Is a prime?
True
Suppose -866784 = 3*s - 3*n, s + 4*s - 4*n = -1444640. Is (s/224)/(2/(-14)) prime?
True
Let d(c) be the third derivative of c**6/120 - c**5/20 + c**4/8 - c**3 + 18*c**2. Let j be d(3). Is (7/(-84)*-10628)/(1/j) a composite number?
False
Suppose -5*i + 3*g + 1624133 = 0, -68132 - 256715 = -i + 4*g. Is i a prime number?
False
Let c(r) = -9 + 75 - 10 + 40*r**2 - 6*r - r. Is c(-13) composite?
False
Suppose -18 = -0*u + 3*u. Is (-2918)/u + (-10)/(-15) a prime number?
True
Suppose 3604*c = 3612*c - 505576. Is c a composite number?
False
Let j(l) = 65*l**2 - 334*l - 5. Let q(d) = 44*d**2 - 223*d - 3. Let z(t) = -5*j(t) + 8*q(t). Is z(12) composite?
False
Is 6289/(-331) + -1 + 49449 composite?
False
Let c be (-1)/(-4) + 390/80*2. Is ((-2)/(-3))/(c/15)*1441 composite?
True
Suppose 11*g = 3*y + 61847, 4*y - 22494 = -4*g + 3*y. Is g composite?
False
Suppose 0*l + 187 = 17*l. Suppose l*j - 7762 = 16977. Is j composite?
True
Let o(a) = 18*a**3 + 2*a**2 - 53*a - 1. Suppose 0 = -5*p - 2*p + 70. Is o(p) composite?
False
Let l(k) = -2*k - 36. Let w be l(-18). Suppose -10*v - 2806 + 11096 = w. Is v a prime number?
True
Suppose -4*v - 2745 = 3*n, -4*n + v = 5*v + 3664. Is -2*((-18)/12)/((-3)/n) a composite number?
False
Let r(k) = -6*k + 19. Let t be 55 + -53 + (0 - (-1 - -5)). Is r(t) a composite number?
False
Let g = -38 + 38. Suppose q - 318 - 462 = g. Is q/20 + (0 - 0) a prime number?
False
Let n(x) be the third derivative of -x**5/60 - 5*x**4/12 - 7*x**3/3 + 10*x**2. Let q be n(-8). Suppose -300 = 